e 11, what is 208658 - -1?
208659
In base 8, what is 2443527 + 5?
2443534
In base 10, what is -214 + -161?
-375
In base 15, what is 10b - 118?
-c
In base 7, what is 23511 + 16?
23530
In base 13, what is 35 - -1620?
1655
In base 6, what is -3121 - 205?
-3330
In base 8, what is -5 + 133217?
133212
In base 12, what is -22a + -406?
-634
In base 4, what is -313 + 321212?
320233
In base 5, what is -141221 + 244?
-140422
In base 5, what is 221421 - -102?
222023
In base 12, what is -97 - 720?
-7b7
In base 11, what is 198a1 + 5?
198a6
In base 2, what is 1000 + 11011110000101111?
11011110000110111
In base 7, what is 43030 + 43?
43103
In base 15, what is -86 - a66?
-aec
In base 10, what is 919 + 307?
1226
In base 15, what is d5 - 6aa?
-5c5
In base 3, what is -10212222 + 1101221?
-2111001
In base 11, what is 8 - 14072?
-14065
In base 12, what is 21 + 1376?
1397
In base 5, what is 343021 + -4?
343012
In base 12, what is 2190 + 13?
21a3
In base 9, what is -16 - 45123?
-45140
In base 14, what is -4 - 72dc?
-7302
In base 2, what is 110111001001 - 11?
110111000110
In base 16, what is 41 - e71?
-e30
In base 6, what is 3151011 + 0?
3151011
In base 13, what is 6269 - 24?
6245
In base 4, what is 213 + 23231?
30110
In base 13, what is 6 - -38b2?
38b8
In base 5, what is 22 - 210201?
-210124
In base 3, what is -1011012 + -1111?
-1012200
In base 16, what is -3 - -2f41?
2f3e
In base 10, what is 777 - -222?
999
In base 12, what is -2 - -7a2a8?
7a2a6
In base 2, what is -111010 - 10010000001010000?
-10010000010001010
In base 8, what is 12625 - 334?
12271
In base 9, what is 11 - 125518?
-125507
In base 4, what is 11200022302 + -3?
11200022233
In base 16, what is -5a - -35e7?
358d
In base 4, what is 11120 - 11223?
-103
In base 9, what is -2815063 + 5?
-2815057
In base 12, what is -27 + -18a66?
-18a91
In base 2, what is 101 - 111001110101111?
-111001110101010
In base 10, what is -2 + 62016?
62014
In base 15, what is -3 + -57cc?
-57d0
In base 13, what is 10080 + -4a?
10033
In base 6, what is -13 - -1504034?
1504021
In base 15, what is -130b1 + 2?
-130ae
In base 5, what is 4 - 334040?
-334031
In base 10, what is -497 - 5318?
-5815
In base 5, what is 1040 + 211214?
212304
In base 9, what is 6 + 27237?
27244
In base 3, what is -10 - -100001210102?
100001210022
In base 5, what is -10230 + 1041?
-4134
In base 8, what is 21014 + 22?
21036
In base 9, what is -1118467 + 4?
-1118463
In base 13, what is 34637a + -5?
346375
In base 4, what is -30030 - -323222?
233132
In base 15, what is -11366 + -2d?
-11394
In base 14, what is -2a02c + -5?
-2a033
In base 8, what is -11570 + -32?
-11622
In base 9, what is -1176 + -481?
-1667
In base 10, what is 1389 - 29?
1360
In base 15, what is -31a + 4?
-316
In base 6, what is -4003353 - -2?
-4003351
In base 3, what is 1 - -1021000222010?
1021000222011
In base 13, what is -9 + -a02b?
-a037
In base 6, what is 10425504 - 4?
10425500
In base 10, what is -590693 + 1?
-590692
In base 10, what is 565 - 14?
551
In base 16, what is 5252 + -5?
524d
In base 9, what is -60750 - -7?
-60742
In base 15, what is -211 - -16ea?
14d9
In base 10, what is 72914 + 0?
72914
In base 14, what is 54b9 + -1d?
549a
In base 13, what is 6 - 4238?
-4232
In base 6, what is 1512502 - 1?
1512501
In base 3, what is -1022101 + -1022?
-1100200
In base 14, what is -46 - 974?
-9ba
In base 16, what is 1023ad + 0?
1023ad
In base 4, what is -3001 + -10230?
-13231
In base 14, what is -ada - -221?
-8b9
In base 7, what is 0 + 42503?
42503
In base 2, what is 10 + -10000101100001101?
-10000101100001011
In base 11, what is 3 + 25938?
25940
In base 10, what is -2448 + -60?
-2508
In base 3, what is 1012020 - -1021?
1020111
In base 9, what is -204731 + 0?
-204731
In base 10, what is -1016618 + -1?
-1016619
In base 12, what is 612775 - 4?
612771
In base 14, what is 2 - -6d3?
6d5
In base 3, what is 100111 - -2000?
102111
In base 14, what is 0 + 2a1a1?
2a1a1
In base 6, what is 132113 + -2?
132111
In base 6, what is 100 + 3210?
3310
In base 5, what is 0 + -2142330?
-2142330
In base 16, what is -10c4 + d?
-10b7
In base 8, what is -211 - -6671?
6460
In base 14, what is 1 + -3d793?
-3d792
In base 9, what is -370758 + 13?
-370745
In base 4, what is -10301321 + -11?
-10301332
In base 4, what is -2 - 220132011?
-220132013
In base 7, what is 2 + -1050213?
-1050211
In base 4, what is -2 - -1120331000?
1120330332
In base 10, what is -28 - -823?
795
In base 3, what is 1211 + -11?
1200
In base 5, what is 12013414 + -4?
12013410
In base 14, what is -3b3 + 2a?
-387
In base 12, what is -10 - 15423b?
-15424b
In base 11, what is 76090 + 0?
76090
In base 9, what is 0 - 1316228?
-1316228
In base 10, what is 5445 + 11?
5456
In base 7, what is 2052 + -42?
2010
In base 4, what is 11 - 11310023?
-11310012
In base 16, what is -2a - -81a?
7f0
In base 7, what is 111363 - 4?
111356
In base 13, what is -17320 + -10?
-17330
In base 2, what is 10 - 111100010100101?
-111100010100011
In base 15, what is -2 + 1388d4?
1388d2
In base 7, what is -23 + -1125226?
-1125252
In base 9, what is -127 - -2253?
2125
In base 4, what is 230012002 - -10?
230012012
In base 6, what is 1 + 2220553?
2220554
In base 16, what is -1 - -38d9d?
38d9c
In base 2, what is 101 - 1001011001001010000?
-1001011001001001011
In base 12, what is -b - 18393?
-183a2
In base 9, what is 8 + 535?
544
In base 15, what is 1d - -48c6?
48e4
In base 8, what is -1 - -24574?
24573
In base 10, what is 57 - 808?
-751
In base 7, what is 2 - 2424253?
-2424251
In base 7, what is -5 + 26111?
26103
In base 8, what is 1 - -2014633?
2014634
In base 5, what is 4 + -1332024?
-1332020
In base 7, what is 32 + -6250?
-6215
In base 7, what is -415441 - 4?
-415445
In base 11, what is a874 - 3?
a871
In base 8, what is -2 - 6541?
-6543
In base 6, what is -45 + 421?
332
In base 5, what is -12011402 + 2?
-12011400
In base 11, what is 4435 + 7?
4441
In base 2, what is -111100000 + 10101101?
-100110011
In base 5, what is -100432 - 10?
-100442
In base 4, what is 22022201 + 10?
22022211
In base 5, what is -42 - 30413024?
-30413121
In base 11, what is -10 - 3402?
-3412
In base 10, what is 37 - -234?
271
In base 12, what is -3414 + -26?
-343a
In base 6, what is 140142 - -201?
140343
In base 2, what is -101110011101111 + 1?
-101110011101110
In base 15, what is -1 + -2d0a91?
-2d0a92
In base 8, what is 36122 - -262?
36404
In base 5, what is 11 + -424030?
-424014
In base 10, what is 4 - 8995?
-8991
In base 14, what is 346 + 6d?
3b5
In base 12, what is 33 - 701?
-68a
In base 10, what is 1071 - 626?
445
In base 15, what is -8 - 7a3b6?
-7a3be
In base 10, what is 242727 + 8?
242735
In base 9, what is 76 - -4441?
4527
In base 10, what is -108 - 89?
-197
In base 4, what is -133101 - 10000?
-203101
In base 7, what is -111 + 31?
-50
In base 9, what is 50484 - 4?
50480
In base 9, what is -1102 - 3?
-1105
In base 13, what is -105 - 122?
-227
In base 7, what is 1502 + 14?
1516
In base 7, what is -34 - 5661?
-6025
In base 3, what is 1 + 122002020?
122002021
In base 15, what is 1bc1 - 10?
1bb1
In base 16, what is 9dc1 - e?
9db3
In base 2, what is 0 + 1011000110111100?
1011000110111100
In base 10, what is -9862968 + 0?
-9862968
In base 13, what is 1841a - -4?
18421
In base 6, what is -4 + 3441420?
3441412
In base 14, what is -2 + -61a86?
-61a88
In base 13, what is 177 - -1?
178
In base 16, what is 104c + 18c?
11d8
In base 8, what is 53101 - 146?
52733
In base 6, what is -2 - 11455323?
-11455325
In base 2, what is 101 + -10111111110010111?
-10111111110010010
In base 3, what is 20012022 + 121?
20012220
In base 2, what is -1000011000111 + -1011010110?
-1001110011101
In base 16, what is -1f6 + -66?
-25c
In base 16, what is -95d + 3e?
-91f
In base 13, what is -2699 - -1ca?
-249c
In base 5, what is -4 + -140440002?
-140440011
In base 14, what is 12 - 3893?
-3881
In base 11, what is -7 + -a7344?
-a7350
In base 16, what is bd3 - 35?
b9e
In base 14, what is -82 - -31b?
279
In base 4, what is -1011102 + 12?
-1011030
In base 11, what is 16 - -877a7?
87812
In base 13, what is -11a - 1b5?
-302
In base 3, what is -20020221 - 102210?
-20200201
In base 8, what is -1377 + 0?
-1377
In base 4, what is 22323 - -2022113?
2111102
In base 14, what is 1c8893 + 3?
1c8896
In base 7, what is 255250 - 1?
255246
In base 15, what is -9 + -2a30?
-2a